3 = 0. Is d(a) prime?
True
Suppose 60 = 3*y + 3*p, y - 4*p - p - 14 = 0. Let z be (y + -16)*(-14146)/(-6). Let n = -3654 + z. Is n composite?
True
Let d(o) = -691*o**3 - 45*o**2 - 234*o + 59. Is d(-6) a composite number?
False
Suppose -18*w + 19*w = 1205. Let k = w + -388. Is k a prime number?
False
Let r(a) = 1560*a - 943. Is r(10) a prime number?
True
Let b = -253 - -206. Let q = b - -66. Is q composite?
False
Let o = 784972 + -482646. Is o prime?
False
Let z be ((-12)/(-10)*1)/((-153)/(-2550)). Suppose -5*b = -z*b + 84345. Is b a composite number?
False
Let a(r) = -2*r - 19. Let c be a(-9). Let v be (-27)/(-18) - c/2. Suppose 0 = k - v*f - 961, 2882 = 3*k - 2*f - 3*f. Is k composite?
True
Let c(i) = 14*i**2 + 3*i - 11. Let h be c(-11). Let w = -424 + h. Is w a composite number?
True
Let x = -283 - -295. Let p be (-2)/7 - 108/14. Is 1/(p/x)*(-9084)/9 composite?
True
Let y be 10/(-60) - ((-14410)/(-12) - 0). Let v = y - -2780. Suppose 4*i - 10847 = -v. Is i a composite number?
True
Let h be 5*6/20 - 6/(-4). Suppose 0 = -8*k + h*k - 4*c + 25829, c - 5166 = -k. Is k composite?
True
Let c be (-6 - -3) + 0 - -8. Suppose -l - c = -9. Suppose 0 = -l*y + 7*y - 1173. Is y composite?
True
Let q = 202492 + -97059. Is q a composite number?
True
Let f be -3 - (12/(-3) - 5). Suppose 321789 = 45*a - f*a. Is a prime?
False
Let r be 0 - 616/1 - 0. Let h = -1827 - -918. Let m = r - h. Is m prime?
True
Let p be (-49)/(-343) - 50/7 - (42 - 2). Let v(y) = 22*y**2 - 8. Let c be v(6). Let g = p + c. Is g prime?
False
Suppose -5*m = -3*m + 10862. Let p = m - -9018. Is p a composite number?
True
Suppose 4*z = -151*x + 150*x + 3216629, 3*x = z - 804154. Is z prime?
True
Let x = 308333 - -213648. Is x composite?
False
Let y(c) = 54*c**2 + 5*c - 14. Let k be (-4)/(-8)*(1 + 129). Suppose -3*t = 10*t - k. Is y(t) a prime number?
True
Is ((-48)/30 - -1)*5 + 793*8 a prime number?
False
Let j(r) = -153225*r + 416. Is j(-3) prime?
True
Let t = -22 + 24. Is 5190/t*4/12 a composite number?
True
Suppose -8*x = -2*x + 145962. Let b = x - -36512. Is b composite?
True
Let r(l) = 29*l - 4 + 24 - 610*l. Let d be r(4). Let x = d - -4207. Is x a composite number?
True
Let u be 19155/12 - -1 - (-4)/(-16). Suppose -p + u = -4660. Is p prime?
True
Suppose -f - 36 = -x, 5*f + 177 = 5*x + f. Suppose 4*r - 57760 = -37*o + x*o, 5*r - 72176 = 3*o. Is r prime?
True
Let d be (6 + -15 - -5) + 108/2. Suppose 280 = 4*g + 72. Suppose -g*b + 2822 = -d*b. Is b a prime number?
False
Let c(w) = 260023*w - 1716. Is c(3) a composite number?
True
Suppose 10883 = 5*n - 4*x, 12*n - 7*n - 2*x - 10889 = 0. Is n composite?
False
Suppose 75*x - 7053666 + 2067340 = -43*x. Is x a composite number?
False
Suppose 4*d - 2*a - 166 = 0, -a = -3*d + 2*a + 123. Let l be 57/21 - (-12)/d. Is (751/(-2))/(((-6)/4)/l) composite?
False
Let h(g) be the second derivative of 20*g**3/3 + 23*g**2/2 + 5*g. Let o be h(19). Let i = o + -410. Is i a prime number?
True
Let f(k) = 45*k**2 + 5*k - 23. Let i(l) = 90*l**2 + 9*l - 46. Let a(j) = -7*f(j) + 4*i(j). Is a(-5) a composite number?
False
Let t be (-682)/(-5) + (-10)/25. Is (-18)/(-2 + -4) + t composite?
False
Let i be 5/((-50)/(-6)) + 12/(-20). Suppose i = -36*z + 605954 - 209342. Is z prime?
False
Let t = -32930 + 62031. Is t composite?
False
Suppose -8*x = -17*x - 27. Let o be (3 - x)*4358/6. Suppose 19*z = 17*z + o. Is z a prime number?
True
Let d be (-4)/(-14) - (-1)/(-7)*2. Let n(u) = -6 + d - 3 + 628*u + 10. Is n(1) prime?
False
Is (2/4)/(-20*13/(-36903880)) composite?
False
Let k(s) = 102*s - 7. Let a be k(7). Let w = 116 - 114. Suppose -a = -w*l + 783. Is l composite?
True
Let f = -707 - -1360. Is f composite?
False
Suppose 240*t = 236*t - 2399880. Is ((-1)/(-1))/((-5)/t*6) a prime number?
False
Suppose -2*j + 5*o + 70 = 3*j, -4*j + 58 = -5*o. Is (1 + -542)/(-13 + j) composite?
False
Suppose -157*a - 20301 = -3*k - 160*a, 4*k - 27026 = 3*a. Is k composite?
False
Is 91474713/306 + 46/1564 a prime number?
True
Is 43/((-516)/(-612864)) - -11 composite?
True
Let i(g) = 2*g**2 - 19*g + 24. Let u be i(8). Suppose u = -5*k + s + 11263, 0*s = 4*s - 8. Is k prime?
False
Let k(f) = 23468*f + 2545. Is k(9) a prime number?
False
Let i(q) = -8174*q + 651. Is i(-85) composite?
False
Suppose -4*b + 5*b - 12*b + 176 = 0. Let r(c) = 88*c + 55. Let m(l) = 11*l + 7. Let f(v) = 33*m(v) - 4*r(v). Is f(b) prime?
False
Let s(z) = z**3 + 154*z**2 - 162*z + 1083. Is s(-134) a prime number?
True
Suppose 103*c - 6*i = 100*c + 1667247, -3*c = 4*i - 1667307. Is c a composite number?
False
Suppose l + 1178 - 3123 = -3*z, -4*z = -16. Let c(k) = -37*k**3 + k**2 + 3*k + 1. Let g be c(3). Let t = g + l. Is t a composite number?
False
Let p = 35 + -41. Let o = 3 + 1. Is (-11590)/p + o/(-6) a composite number?
False
Suppose -o + 3*k - 3 = 8, -5*k = -4*o - 23. Is (-14540)/(-12) + o/3 composite?
True
Let u(c) = 28*c**2 - 113*c + 7. Let p be u(4). Let h be 2 + (-1 - 1) + 1. Is h*130 - (p/(-1) + 2) a prime number?
True
Suppose -4*t - z = -187604 - 66158, t + 5*z - 63469 = 0. Is t a prime number?
True
Let h be (-1 + 7 - 5)*5. Let b(u) = 36*u**3 - 6*u**2 + 10*u + 9. Is b(h) composite?
False
Is 45/(-1 - 4) - -787587 - 5 composite?
False
Suppose 128*n = 15935651 + 1841885. Is n prime?
False
Let l be ((-6)/(-4))/(38/8 - 4). Suppose l*b = 15*b - 79313. Is b a prime number?
True
Suppose -8*x = -9937 - 29391. Let p = x + -3439. Is p a prime number?
False
Suppose 7*r - 12 = 9*r. Is ((0 + -3)/r)/(10/9080) composite?
True
Let f(x) = 30*x**2 - 10*x + 49. Is f(-52) a composite number?
False
Suppose -10*b + 31059 + 187121 = 0. Let j = -12267 + b. Is j composite?
False
Let b = 857 + -855. Is 1*(b + 3055)/3 prime?
True
Suppose -2130757 = 23*u - 8756666. Is u prime?
False
Let i(q) = -q**3 + 5*q. Let a(u) = -u**2 - 12*u + 15. Let b be a(-13). Let v be i(b). Suppose f - 4550 = -l, v*f + 8360 + 5275 = 3*l. Is l a composite number?
False
Let y = 1838 - -1990. Let g = 2975 + y. Is g a composite number?
False
Suppose 4*r = 5*l + 418301, -4*r + l = -264739 - 153574. Is r composite?
False
Suppose -32*g = -34*g - 4. Let t be 10/(-2 - (-2 - g))*-1. Suppose 0 = -2*p + t*f + 2811, 0*p = -4*p + 4*f + 5652. Is p prime?
False
Let s(n) = 13*n**2 + 122*n**2 - 16 - 7*n - 63*n**2 + 172*n**2. Is s(-3) a prime number?
False
Is (-706506)/(-10)*(17 + 782/(-51)) a composite number?
False
Let t = -9616 - -32883. Is t composite?
True
Let f be (-1 + 1)/((5 - 11) + 3). Suppose f = 2*y - 18*y + 54928. Is y a prime number?
True
Let h be (-2*(-3)/(-2))/((-3)/5). Suppose -h*v + 3*s + 2457 = 9747, -4390 = 3*v - 5*s. Let y = -754 - v. Is y a prime number?
True
Suppose 4*m = 9 + 11. Let j(l) = -m + 1 + 115*l**3 + 11*l**2 - 116*l**3 + 3*l. Is j(9) composite?
True
Let l = 281 - 278. Suppose -5*q = l*a - q - 8815, -5*q = -2*a + 5846. Is a prime?
False
Suppose 0*n + 3*n = 2*n. Let b(z) = z + 13. Let q be b(-8). Suppose 3*y = -3*p + 639, y + n*y - 1049 = -q*p. Is p a prime number?
False
Suppose -548 + 104 = -4*p + 4*f, 0 = -4*f. Suppose -105*u = -p*u + 21162. Is u composite?
False
Suppose -13*t - 40*t + 7043430 = -23*t. Is t prime?
True
Let x = -34 - -38. Suppose 5*l + 3*q - 22 = q, 2*l + x*q - 12 = 0. Suppose l*z = -2*n + 2670, -5*n - 2*z = -0*z - 6683. Is n a composite number?
True
Is (-173023227)/(-2712) + 1/(-8)*1 prime?
True
Let s(d) = d**3 - 6*d**2 - 8*d + 13. Let f be s(7). Suppose f + 60 = -2*t. Is (-6)/t + -4 + (-11018)/(-22) composite?
True
Suppose -7*m = -2*m - 3*j + 77013, m = 3*j - 15405. Let n = m + 39433. Is n a composite number?
True
Let t = 129825 + -89548. Is t composite?
False
Let g be 2*((-10)/(-4))/1. Suppose 12918 = -h - g*h. Is 2/(h/(-717) + -3) a composite number?
True
Let y(t) = 638*t**3 + 6*t**2 + 453*t - 4022. Is y(9) composite?
False
Is ((-1436218)/(-3))/((1156/(-51))/(-34)) prime?
False
Suppose -2*s + 15 - 9 = 0. Let v(n) = 4 + 109*n**2 - 2*n**s + 0*n - 5*n - 101*n**2. Is v(-7) composite?
False
Suppose -41*y + 42*y - 14538 = 0. Suppose -3*x + 20041 = 4*b, 2*x + 1177 = -3*b + y. Is x composite?
False
Let p be ((-6)/4)/(20/(-360)). Suppose -44*s = -p*s - 53737. Is s composite?
True
Suppose 0 = -2*n - 4*l - 12, -3*n = 3*l + 6 - 3. Suppose y = 5*g + 12, -n*g + 4 - 10 = -2*y. Is 142 - -1 - (g + 1) a composite number?
True
Let l be (-3)/6*3